
False
Is 659237671 a composite number?
False
Is 497436361 composite?
False
Is 51522307 composite?
True
Is 3029459 a prime number?
True
Is 11236447 a composite number?
False
Is 119396503 composite?
False
Is 1065037 prime?
True
Is 16801711 composite?
False
Is 98895131 prime?
True
Is 3416753 prime?
True
Is 12093563 a composite number?
False
Is 678133 prime?
True
Is 41878763 composite?
True
Is 108116999 a prime number?
True
Is 13199027 a composite number?
False
Is 25728163 prime?
True
Is 410913403 composite?
True
Is 24825251 a prime number?
False
Is 416731673 prime?
True
Is 272902607 a prime number?
False
Is 12076991 a prime number?
True
Is 94282385 a composite number?
True
Is 199365827 a composite number?
False
Is 76333 a composite number?
False
Is 81781471 a prime number?
True
Is 2864639 prime?
False
Is 112437407 prime?
False
Is 190002383 a prime number?
True
Is 7300523 composite?
False
Is 1732387 a composite number?
False
Is 961927 composite?
False
Is 34296529 a composite number?
True
Is 140449093 composite?
False
Is 4849787 composite?
False
Is 12902647 a composite number?
False
Is 87216401 prime?
True
Is 4187707 composite?
False
Is 51674891 composite?
False
Is 8755843 a prime number?
False
Is 3078857 a composite number?
False
Is 5131481 a composite number?
False
Is 35739773 prime?
True
Is 3471751 prime?
True
Is 2611853 prime?
False
Is 4157011 composite?
False
Is 72700841 a composite number?
False
Is 13670833 prime?
False
Is 381559 composite?
False
Is 2913829 composite?
True
Is 46084403 composite?
True
Is 447659769 a composite number?
True
Is 11920817 a composite number?
True
Is 51937361 prime?
False
Is 378819737 composite?
True
Is 7931347 a composite number?
False
Is 18765013 a composite number?
True
Is 120965291 a composite number?
True
Is 39733 a composite number?
False
Is 1489198 composite?
True
Is 722018857 prime?
False
Is 1591217 a prime number?
False
Is 241169065 composite?
True
Is 116579 a composite number?
False
Is 352747 a composite number?
True
Is 309351403 a composite number?
True
Is 2290283 a composite number?
False
Is 184389553 prime?
True
Is 124723 composite?
True
Is 23523898 composite?
True
Is 7683367 a composite number?
False
Is 1355573 a composite number?
False
Is 9249826 a composite number?
True
Is 24970651 composite?
False
Is 118616341 prime?
True
Is 14649221 prime?
True
Is 189757 a composite number?
False
Is 3068699 a composite number?
False
Is 46884847 a composite number?
True
Is 41843779 a prime number?
False
Is 16823311 a composite number?
False
Is 481441 composite?
True
Is 14142643 composite?
False
Is 27386897 a prime number?
True
Is 28524217 a prime number?
True
Is 392123 composite?
True
Is 131028959 a composite number?
True
Is 210590371 a prime number?
True
Is 47760389 a composite number?
False
Is 4134597 composite?
True
Is 7462799 a prime number?
True
Is 4269647 composite?
False
Is 3990901 prime?
True
Is 57237659 a composite number?
False
Is 9606319 composite?
False
Is 86857603 prime?
False
Is 168777605 a prime number?
False
Is 107687779 a composite number?
True
Is 33242983 a prime number?
False
Is 14447123 a prime number?
True
Is 5332841 a composite number?
False
Is 171680065 prime?
False
Is 5801423 a composite number?
False
Is 120439037 a composite number?
True
Is 1742647 composite?
False
Is 2516299 composite?
False
Is 39913529 composite?
False
Is 67020139 a prime number?
True
Is 323428253 a composite number?
True
Is 87530889 a prime number?
False
Is 346951 a prime number?
False
Is 775914071 a composite number?
False
Is 11348509 a prime number?
True
Is 8650189 composite?
False
Is 18183371 prime?
True
Is 16804729 a prime number?
True
Is 3560779 prime?
True
Is 1673617 composite?
True
Is 2610317 prime?
True
Is 143219893 prime?
False
Is 1775819 a composite number?
False
Is 175765457 composite?
True
Is 312526501 a prime number?
False
Is 4875191 composite?
True
Is 38936363 prime?
True
Is 19017569 a prime number?
True
Is 963689 a composite number?
False
Is 554087 composite?
False
Is 2660971 a composite number?
True
Is 1908409 a composite number?
True
Is 279489443 a composite number?
True
Is 37319 a prime number?
False
Is 70188322 a prime number?
False
Is 8906711 a prime number?
False
Is 83937749 a composite number?
True
Is 141321457 composite?
False
Is 165393817 a prime number?
True
Is 121241 a composite number?
True
Is 5011427 a prime number?
False
Is 124626629 a prime number?
True
Is 19171693 prime?
False
Is 179165557 a composite number?
True
Is 26750183 composite?
False
Is 1969999 a prime number?
False
Is 579427 a composite number?
False
Is 3044347 a composite number?
False
Is 7741003 a prime number?
False
Is 1290521 prime?
False
Is 3198077 a composite number?
True
Is 5960533 a prime number?
False
Is 155647 a composite number?
True
Is 436957 composite?
False
Is 3400589 a composite number?
False
Is 1892453 prime?
False
Is 1334410745 a composite number?
True
Is 47949929 prime?
True
Is 6219197 prime?
True
Is 4246147 composite?
False
Is 447805 composite?
True
Is 37936549 prime?
False
Is 132504991 a prime number?
True
Is 318557 a composite number?
False
Is 1915057 prime?
True
Is 247183 a composite number?
False
Is 8641 a prime number?
True
Is 14495861 composite?
False
Is 3459081 composite?
True
Is 10729097 a prime number?
False
Is 14788253 composite?
False
Is 3852989 prime?
False
Is 7594921 prime?
False
Is 10624001 prime?
True
Is 5667551 prime?
False
Is 25249483 a prime number?
False
Is 314240081 composite?
False
Is 34926787 composite?
True
Is 7083581 a prime number?
True
Is 19440539 prime?
True
Is 50404499 prime?
True
Is 260463493 composite?
False
Is 282562529 a composite number?
True
Is 7460281 composite?
True
Is 21492257 composite?
False
Is 222312505 composite?
True
Is 5999255 prime?
False
Is 8415541 a prime number?
True
Is 5920997 prime?
True
Is 749971 composite?
False
Is 44919061 a composite number?
True
Is 629229 a prime number?
False
Is 10195363 a composite number?
False
Is 74072695 composite?
True
Is 5574523 a composite number?
False
Is 86155661 a prime number?
True
Is 12959413 a composite number?
False
Is 10214047 composite?
True
Is 232735999 prime?
True
Is 48149065 prime?
False
Is 2981317 a composite number?
True
Is 9959003 a composite number?
True
Is 6615659 a composite number?
False
Is 5269447 composite?
True
Is 16279715 composite?
True
Is 664459 a prime number?
True
Is 252660481 a prime number?
True
Is 6337439 prime?
True
Is 54794343 prime?
False
Is 115875637 composite?
False
Is 43763383 prime?
True
Is 15800321 prime?
False
Is 17691307 a composite number?
True
Is 15632257 a composite number?
False
Is 934741 prime?
False
Is 158429977 composite?
False
Is 89811587 prime?
False
Is 4098667 prime?
False
Is 3609053 prime?
False
Is 317523621 a composite number?
True
Is 2750257 prime?
False
Is 1729015 a prime number?
False
Is 257545333 a prime number?
True
Is 2487313 composite?
False
Is 4363783 a composite number?
False
Is 872771 a composite number?
True
Is 12933299 a composite number?
True
Is 2636897 composite?
False
Is 1031999 prime?
True
Is 19270358 composite?
True
Is 4093907 prime?
True
Is 31971649 a prime number?
False
Is 101734211 a prime number?
True
Is 3296017 a composite number?
True
Is 251866631 composite?
False
Is 602364929 composite?
True
Is 8459414 a composite number?
True
Is 26079397 a composite number?
False
Is 81571433 a composite number?
False
Is 323567 a prime number?
True
Is 540959 a prime number?
False
Is 5294911 a composite number?
False
Is 10917551 a prime number?
True
Is 869497 prime?
False
Is 32613311 a composite number?
False
Is 359747 composite?
False
Is 24481121 composite?
True
Is 4577627 a prime number?
True
Is 344914597 a prime number?
False
Is 80932877 composite?
False
Is 47833 prime?
False
Is 3069553 prime?
False
Is 7457477 prime?
True
Is 517189 a prime number?
True
Is 169357007 a prime number?
False
Is 8519639 composite?
True
Is 2933537 prime?
False
Is 63452453 a composite number?
True
Is 1580324339 a composite number?
True
Is 33697399 a prime number?
False
Is 23879701 composite?
False
Is 53676773 a prime number?
False
Is 253501 composite?
False
Is 4553573 composite?
False
Is 305194499 prime?
False
Is 20664113 a composite number?
False
Is 5510321 a prime number?
False
Is 210383301 a